7 - 49. Let t be 380/(-80) - 10/q. Calculate y(t).
1
Let a(g) = 17*g**2 - 34*g + 85. Let f(y) = -12*y**2 + 23*y - 58. Let k(q) = 5*a(q) + 7*f(q). Give k(5).
-1
Suppose 1717*f - 1700*f = 17. Let c(j) = -5*j + 10. Determine c(f).
5
Let m be 4/(-6) - (-40)/6. Let h(u) = -u - 7*u - m + 0*u + 7*u. Let s be h(-4). Let a(o) = 2*o**3 + 4*o**2 + 3*o + 2. Determine a(s).
-4
Suppose 3*l = 5*v + 9, l = v + 5 - 2. Suppose -4*a + 8 = -v, -3*c + 5*a = -2. Let i(b) = b**2 - 5*b + 3. Give i(c).
-1
Let h(z) = -11*z + 27. Let j(x) = -5*x + 11. Let l(b) = -4*h(b) + 9*j(b). Let u = -502 - -494. What is l(u)?
-1
Let m(i) = -32*i + 13 - 6 + 158*i**2 - 24*i - 153*i**2 + 50*i. Determine m(1).
6
Let j(c) = c**2 + 26*c + 27. Let d be j(-25). Let b(r) = 2 + 90*r**3 - 374*r**3 - 5*r**2 + 96*r**3 + 93*r**3 + 4*r + 94*r**3. Give b(d).
-18
Let z(l) = -7*l - 18. Let y be ((-3)/(-2) + 0)*448/56. Give z(y).
-102
Let i(r) be the first derivative of -92 + 1/3*r**3 + 3*r - 7/2*r**2. Determine i(6).
-3
Let n(h) = 4*h + 27. Let u be n(-6). Suppose -3*x = z - u, 2*x = -5*z - 7 + 9. Let q(f) = 7*f**2 - f - 1. Determine q(x).
5
Let r(p) = p**3 - p**2 - 3*p + 2. Let j be r(0). Let x(q) = 6*q - 16*q + 6*q + q**j + 5*q. Give x(-3).
6
Let c = 4 - 7. Let z(m) = 2*m + 2. Let w(h) be the third derivative of -h**4/24 - h**3/6 + 6*h**2. Let g(y) = 5*w(y) + 2*z(y). What is g(c)?
2
Let d(x) = -7*x**2 - 36*x + 35. Let m be d(-6). Let j(i) = 37*i**3 - 1. What is j(m)?
-38
Suppose 6*y - 21 = -y. Let a(s) = -s. Let x(t) = -3*t**2 - 2. Let f(i) = y*a(i) + x(i). Calculate f(-1).
-2
Let z = 171 - 141. Let m be (z/(-4 + -1))/2. Let x(f) = f**2 + 2*f - 4. Calculate x(m).
-1
Let k = -468 + 470. Let f(z) be the first derivative of 9*z**2 - 22. Calculate f(k).
36
Let a(u) = 0 + 4 - 12 + 1 - 6*u. Let g be ((-468)/(-13))/(-3) - -6. Calculate a(g).
29
Let f(g) = g + 5. Let d = 198 - 194. Let h be f(d). Let l(o) = -o**2 + 8*o + 12. Determine l(h).
3
Let n(z) be the second derivative of -z**5/20 - 5*z**4/12 - z**3/2 - 3*z**2 + 2*z - 1555. Let b be (6/2)/(6/(-8)). Calculate n(b).
-10
Suppose -1782 + 570 = 202*g. Let l(h) = -h**3 - 7*h**2 - 10*h - 17. Calculate l(g).
7
Suppose 3*b - 5*t = 13, -2*t = 3*t + 10. Let q = 0 - b. Let m(l) = -7*l - 336 + 335 - 5*l. Give m(q).
11
Let b(a) = -20*a - 286. Let h(j) = 11*j + 145. Let v(g) = 4*b(g) + 7*h(g). Determine v(-44).
3
Suppose -6 = 538*h - 532*h. Let p(f) = 43*f**2 - f. Calculate p(h).
44
Let m be (-82810)/(-2704) + 3/8. Let h(l) = -l**2 + 32*l - 82. Determine h(m).
-51
Let h(q) = -q**2 - 2*q + 109. Let z be 3/3 - (-12 + 2 + 22). Calculate h(z).
10
Suppose -5*j - 23 = 3*y, -2*j - 6 = 8*y - 6*y. Let w(u) = -8*u + 56. Let p(q) = -2 - 11 + 3 - 9 + 3*q. Let b(x) = 11*p(x) + 4*w(x). Determine b(j).
8
Let w be 20/5*(-1)/(-2). Suppose 21 = p + w*p. Let a(n) be the third derivative of n**5/60 - 5*n**4/24 - n**3 + 109*n**2. What is a(p)?
8
Let m(n) = -128*n - 2026. Let y(b) = -71*b - 1126. Let z(j) = 5*m(j) - 9*y(j). Let u(h) = 2*h - 9. Let r be u(6). Suppose 5*a - 4*a - r = 0. What is z(a)?
1
Let f(w) = -18*w + 8. Suppose -2*b - 2*d = -3*d, 2 = -3*b + d. What is f(b)?
44
Suppose -7 = -42*p + 35*p. Let o(j) = -41*j - 42*j + 3 + p + 82*j. Give o(0).
4
Let b(i) = 71*i + 20. Let m(j) = 26*j + 7. Let x(k) = 4*b(k) - 11*m(k). Let h(f) = 3*f + 11. Let q be h(-6). Give x(q).
17
Let t(a) = 20*a + 106. Let j be t(-5). Suppose 0 = -22*b + 21*b + j. Let x(g) = -2*g**2 + 7*g + 6. What is x(b)?
-24
Let n(t) = 101*t**2 - t**3 - 7*t + 3*t + 2 + 7 - 215*t**2 + 118*t**2. Calculate n(4).
-7
Let o = 250 + -231. Let q(z) = 10 + z - o + 0*z. Let y = -4 + 11. What is q(y)?
-2
Suppose 25 = 46*f - 41*f. Suppose -f = 31*i - 26*i. Let r(q) = 4*q - 3. Let z(b) = -1. Let k(j) = i*z(j) - r(j). Calculate k(-3).
16
Let c(s) = -18*s**3 - s - 1. Let r be 1 + 45/(-35) - (-520)/7. Let w = r + -32. Let i = 41 - w. Calculate c(i).
18
Let x(s) = 2*s - 9. Let y(l) = 5*l - 23. Let a(m) = -13*x(m) + 6*y(m). Determine a(5).
-1
Let n(r) = 35*r + 49. Let j(g) = 12*g + 16. Let f(b) = -17*j(b) + 6*n(b). Suppose 4*x = a - 25, 4*x + 4*a + 0*a - 20 = 0. Calculate f(x).
-2
Let p(i) = 27595*i - 27603*i + 76 + 89. Let f be p(22). Let s(r) = -r**2 - 8*r + 22. Give s(f).
-11
Suppose 335 = 2*d - 515. Let k be (4/5)/(34/d). Suppose -5*r = -5*u + 40 - k, -50 = -3*u - 5*r. Let a(x) = 2*x - 2. What is a(u)?
18
Let s(b) = -325*b + 13003. Let w be s(40). Let i(f) = 4*f**3 - 3*f**2 + 8*f - 7. Calculate i(w).
98
Let g(u) = 83787*u + 1 + 3 + 2*u**2 - 5*u**2 - 83790*u. What is g(-3)?
-14
Let p(x) = 6*x**3 + 2*x**2 - 32*x + 7. Let a(m) = -11*m**3 - 3*m**2 + 53*m - 13. Let r(k) = -3*a(k) - 5*p(k). Give r(2).
26
Let p(d) = d**3 + 20*d**2 + 56*d - 125. Let x be p(-16). Let a(u) = u**3 + 2*u**2 + 3*u - 2. Calculate a(x).
52
Let q(m) = m**3 + 3*m**2 - m + 5. Let b be (-15)/20 + 3/(12/(-469)). Let j be (b/(-8) - 1) + (-9)/12. Let p(y) = y**2 - 14*y + 9. Let r be p(j). Give q(r).
-7
Let k(a) = -a - 23. Let h be (-7 + (-77)/(-14))/(98/24 + -4). Determine k(h).
-5
Let s = 3 + 3. Let b(i) = 13*i - 166 - 26*i**3 + 174 + 33*i**3 + 18*i**2. Let h(r) = -6*r**3 - 17*r**2 - 13*r - 9. Let t(x) = s*h(x) + 5*b(x). What is t(-11)?
8
Suppose -201 = -33*m + 492. Suppose 9*y - 2*h - 3 = 8*y, 4*y + m = -3*h. Let b(q) = -3*q**2 + q - q**2 + 5*q**2. Give b(y).
6
Suppose -59*p + 54*p - 14 = -3*s, 16 = -4*p + 4*s. Let x(a) = -a**2 + 9*a - 9. Let l(u) = u - 1. Let k(b) = -36*l(b) + 4*x(b). Calculate k(p).
-4
Let z(h) = -109*h**2 + h + h**3 + 72*h**2 - 1 + 39*h**2. Let n(y) = 5*y**3 + 17*y**2 + 5*y - 12. Let r(u) = -n(u) + 4*z(u). What is r(-9)?
17
Suppose -6 = 5*g + 19, -5*g = q + 7. Let m(z) = 4*z - 63. What is m(q)?
9
Suppose -21 = -2*m + 7*g - 6*g, -3*m + 26 = 4*g. Let h(n) = -n**3 + 9*n**2 + 11*n - 13. What is h(m)?
-3
Let p(y) be the first derivative of -2*y**2 + 17*y - 64. Calculate p(4).
1
Let y = -58 - -66. Let h(g) = -3*g**2 - 4*g - 28. Let m(b) = b**2. Let a(k) = -h(k) - 4*m(k). Let v be a(y). Let j(z) = 2*z + 3. What is j(v)?
-5
Let c(d) = -5*d**2 - 231*d**3 + 4*d - 371 + 230*d**3 - 4*d + 372. Let b = 9 + -14. Determine c(b).
1
Let w(c) = -c**3 - 7*c**2 + 8*c - 1. Suppose 31*k + 130 + 40 = -109. Determine w(k).
89
Let k(s) be the third derivative of -s**6/180 - s**5/60 - s**4/12 - 25*s**3 + 47*s**2. Let t(r) be the first derivative of k(r). What is t(-3)?
-14
Let v(t) = -16 + 15 + t**2 + 43*t**3 + 0*t - t. Let i be -11 + 13 + 1 + -5 - 4 - -5. Determine v(i).
-42
Let m(d) = -13*d**2 + d - 67. Let a(w) = 8*w**2 - w + 32. Let x(h) = 5*a(h) + 3*m(h). What is x(8)?
7
Suppose 2*w + w + 24 = 4*x, 3*w = -4*x + 24. Let u = x + -3. Let c(h) = -62*h**2 + 2*h**3 + 13*h**2 + 32*h**2 + 15*h**2 - h**3 - 4*h + 2. Determine c(u).
-1
Let d(l) = 22*l**2 + 11*l - 9. Suppose -24 = k - 29, -2*m - 21 = -5*k. Let w(y) = 5*y**2 + 3*y - 2. Let c(t) = m*d(t) - 9*w(t). Calculate c(-6).
-6
Let r be (-2)/((79/(-790))/((-22)/(-77) - (-6)/28)). Let t(c) = -4*c**2 - 8*c + c**3 - 4*c**2 - c**2 - 15. Calculate t(r).
5
Let b(q) = q**3 - 10*q**2 + 2*q + 16. Let k be ((-2210)/(-68))/65 - (-7)/2. Calculate b(k).
-72
Let c(d) be the first derivative of -12 + 1/6*d**4 - 1/6*d**3 + 0*d - 3*d**2. Let v(i) be the second derivative of c(i). Give v(-1).
-5
Suppose 3*n - 25 = 5*h + 8*n, -2*h + 4*n + 20 = 0. Suppose 1 = -j + g - 2*g, h = -3*j + g + 1. Let w(q) = q**3 + q**2 + 23. Give w(j).
23
Let r = 688 - 681. Let s(w) = 3*w - 18. Let u(l) be the third derivative of l**4/12 - 2*l**3 - 6*l**2. Let b(a) = -5*s(a) + 7*u(a). Calculate b(r).
-1
Let n(i) = -i**3 + 23*i**2 - 2*i + 42. Let w(v) = -3*v**3 - 10*v**2 - 28*v - 52. Let k be w(-3). Give n(k).
-4
Let w(f) be the second derivative of -5*f**3/6 + 71*f**2/2 + 46*f + 8. What is w(16)?
-9
Let l(j) = 3*j**2 + 4*j - 3. Let d(m) = 2*m**2 - 30*m + 55. Let g be d(13). What is l(g)?
36
Let w(p) = -p + 3. Let u = 11 - 8. Let c be w(u). Suppose c = q + 3 + 1. Let t(d) = -d**3 - 5*d**2 - 3*d + 3. Calculate t(q).
-1
Let w(j) = j**3 + 7*j**2 - 2*j - 10. Let y(a) = 4*a**3 + 28*a**2 - 8*a - 40. Let l(o) = -9*w(o) + 2*y(o). Let g = 39 - 46. Determine l(g).
-4
Let p(g) = -3*g**2 + g + 2. Let c be (-1 - 0)/((-8)/16). Let d(x) = 4*x**2 - x - 3. Let h(i) = c*d(i) + 3*p(i). Let k = 74 - 74. What is h(k)?
0
Suppose -4*g + 2*g = 2*u + 8, 4*u = -2*g - 20. Let r(z) = 0 + 3 + 